 2*c + 22 + 18, -4*j - 3*c + 81 = 0. Let y be 59/4 + 3/12. Let o = j - y. What is the highest common divisor of 66 and o?
6
Let y be 14/(-12)*-26 + (-3)/9. Calculate the greatest common divisor of 30 and y.
30
Let k(p) = -p**2 + 10*p. Let j be k(6). Suppose -4*x - 112 = -3*q, 5*q + 0*q - x = 181. Calculate the greatest common divisor of q and j.
12
Let r = -768 - -789. Let t(g) = 2*g**2 - 6*g**3 - g**2 + 0*g**2. Let x be t(-1). Calculate the highest common divisor of r and x.
7
Suppose 0*o + 4*o - 752 = 0. Suppose -5*h + o = 48. Let d(n) = n**3 - 2*n + 42. Let f be d(0). What is the highest common divisor of h and f?
14
Suppose -k - 8 = 3*s, 3*s - 4*s = -3*k + 6. Suppose 0 = r - 86 + 90. Let l be k*-22*r/4. What is the greatest common factor of l and 22?
22
Let m = -145 + 83. Let o be m/(-8) + 5/20. Calculate the highest common factor of 8 and o.
8
Let k(s) = -s**2 + 21*s + 11. Let b be k(13). What is the greatest common divisor of b and 161?
23
Let r be 0 + (-1)/(2/(-36)). Suppose -3*s = 2*j + 2*s - 29, -4*j + r = 2*s. Suppose 271 - 259 = 6*k. Calculate the greatest common divisor of j and k.
2
Suppose 5*o - 712 + 217 = 0. Let g = o + -69. What is the greatest common factor of 50 and g?
10
Let k be 13 + 3 + (-3 - -2). Let x(n) = 9*n + 135. Let o be x(-10). What is the highest common factor of o and k?
15
Let x(d) = 2*d**2 - 11*d + 15. Let l(a) = a + 12. Let j be l(-6). Let g be x(j). What is the highest common divisor of 42 and g?
21
Suppose 3*x + 4*q - 34 = -0*x, 2*x - 5*q - 38 = 0. Let p = -11 + x. Let z be 32/(p/((-18)/(-4))). What is the highest common divisor of 6 and z?
6
Suppose 0 = 41*r - 38*r - 60. Suppose 0 = -0*w - w - 2. Let j be 78/4 - 1/w. What is the highest common factor of r and j?
20
Let w(x) = -7*x - 9. Let c(r) = 6*r + 8. Let f(o) = 6*c(o) + 5*w(o). Suppose -49*m = -45*m - 36. Let k be f(m). What is the greatest common factor of 4 and k?
4
Let k(n) = 11*n - 50. Let c be k(7). Calculate the highest common divisor of c and 1080.
27
Suppose 4*m - 777 = -5*s, 3*s + 857 - 56 = 4*m. Let r = -69 - -87. Calculate the greatest common divisor of m and r.
18
Let o be 30/(-125)*5*-5. What is the greatest common divisor of 42 and o?
6
Let r = 92 + -97. Let k be 2/r + (-14)/(-30)*3. Let a = 25 - 16. What is the greatest common factor of k and a?
1
Suppose -9*i - 728 = -161. Let y = 135 - i. What is the highest common factor of 22 and y?
22
Suppose 3*k + 4*o = 2987 + 351, -5*o = -3*k + 3320. Calculate the greatest common divisor of k and 148.
74
Suppose 3*a - 2*a + 668 = 0. Let d be a/(-12) + (-4)/(-12). What is the highest common divisor of d and 8?
8
Let t(j) = 22*j + 2 + 2 + 6*j + 3. Let i be t(2). What is the highest common factor of i and 9?
9
Suppose 0 = -q - 2*q + 48. Let r = q - 16. Suppose 0 = -4*c - 4*j + 32, r = -4*c + 5*j - 0 + 14. What is the highest common divisor of c and 18?
6
Suppose 0 = 5*m - 7*m - 14. Let o(x) = x**3 + 6*x**2 - 10*x - 9. Let d be o(m). What is the highest common factor of d and 30?
6
Let a = -204 - -214. Calculate the greatest common factor of 12 and a.
2
Suppose 0*a + 100 = 4*a. Let w = -18 + 14. Let d be 82/8 - w/(-16). Calculate the greatest common divisor of d and a.
5
Suppose 560*h - 567*h = -49. Calculate the greatest common divisor of h and 791.
7
Suppose -50*v + 124*v = 222. What is the highest common factor of 363 and v?
3
Let x be 7 + -4*1/2*-1. Let l(f) = -f**2 + 10*f + 7. Let u be l(x). What is the greatest common divisor of u and 32?
16
Suppose 3*d = -12, 7*p - 5*d = 3*p + 1556. Calculate the highest common factor of 480 and p.
96
Suppose 552 = -28*c + 1980. Calculate the greatest common factor of c and 102.
51
Let x be 371 + -1 + -5 + 13. Calculate the highest common divisor of 54 and x.
54
Suppose 6*r - 165 = r. Let x(b) = -b**2 + 10*b + 441. Let t be x(25). What is the greatest common factor of t and r?
33
Suppose 74*q - 77*q + 51 = 0. Suppose -77 = -5*d + 2*i, -i + 3 + 1 = 0. Calculate the greatest common divisor of d and q.
17
Let b(v) = -v + 25. Suppose -4 = y, 2*h + 2*y - y = 0. Suppose 0 = o - 9 - h. Let z be b(o). Calculate the highest common factor of 56 and z.
14
Let h(f) = f**2 + 2*f + 1. Let w be h(2). Suppose -g - w + 29 = 0. Suppose -g = -8*s + 4*s. What is the greatest common divisor of 5 and s?
5
Let k(b) = 46*b + 42. Let h be k(20). Calculate the greatest common factor of 74 and h.
74
Let o(c) = 6*c - 21. Let s be o(4). What is the highest common divisor of 51 and s?
3
Suppose -60 = -8*g + 6*g. Let h = 186 + -111. Calculate the greatest common factor of g and h.
15
Let j be 10/4*36/30. Suppose j*p - 2*p - 5*t = -4, -5*p = -2*t - 72. What is the greatest common factor of p and 80?
16
Let v be 40 - (0/2)/(-1). Let q be ((-4)/(-8) + -1)*-6. Suppose 400 = o + q*o. What is the greatest common divisor of v and o?
20
Suppose 16*v = -160 + 928. Calculate the greatest common divisor of 30 and v.
6
Suppose -5*f = -10, -2*b + b - 5*f + 40 = 0. Calculate the highest common factor of 10 and b.
10
Suppose 4*x = 37 + 27. Let l(t) = -t**2 + 16*t + 13. Let y be l(x). Calculate the highest common divisor of 143 and y.
13
Let g(a) = 12*a + 78. Let q be g(-5). Calculate the highest common factor of 414 and q.
18
Let x(a) = -a**2 - 71*a - 116. Let y be x(-45). What is the highest common factor of 34 and y?
34
Let h(a) = a + 14. Let f be h(-5). Calculate the greatest common factor of 81 and f.
9
Let s(o) = -o**3 + 20*o**2 + 2*o - 26. Let l be s(20). Calculate the greatest common factor of l and 16.
2
Suppose 4*c - 6 = 3*c. Let o be ((-18)/(-15))/(c/45). What is the greatest common divisor of o and 45?
9
Suppose 3 = c - 3. Let y = -142 + 172. Calculate the greatest common divisor of y and c.
6
Let i(q) = 11*q**2 - 2*q. Let g = 12 + -10. Let v be i(g). Suppose 0 = -3*t + 77 - 17. Calculate the greatest common divisor of v and t.
20
Let j(f) = 161*f - 629. Let o be j(4). What is the highest common divisor of o and 6?
3
Suppose -3*g = -g - 2, -5*z + 4*g = -401. Let t(x) = 3*x**2 + 135*x + 9. Let l be t(-45). What is the highest common factor of z and l?
9
Let t = 2 - -6. What is the highest common divisor of t and 124?
4
Suppose -4*v + 27 = -5*x, -2 = 2*x + 4. Calculate the highest common factor of 75 and v.
3
Let k = -2 + 18. Let w = 644 - 564. Calculate the greatest common divisor of k and w.
16
Suppose 0 = 4*w - z - 17, -5*z + 0 - 19 = 2*w. What is the greatest common divisor of 84 and w?
3
Let t(i) = -i**3 + 3*i**2 - 7*i + 4. Let g be t(6). Suppose 512 + 970 = -19*c. Let r = c - g. What is the greatest common factor of r and 17?
17
Suppose 0 = -a + 2*a - 50. Suppose 0 = -5*h + 3*p + 244, 13*h - 4*p - 242 = 8*h. Calculate the greatest common factor of h and a.
50
Suppose -5*h + 3*m + 15 = 0, 5*h - m - 10 = 3*m. Suppose -j = -4*i + 218, -9*j + h*j + 6 = 0. Calculate the highest common divisor of 11 and i.
11
Suppose -1584 = -40*w + 7*w. Calculate the greatest common factor of w and 192.
48
Let m(o) = -o**2 + 14*o - 12. Let a be m(7). Suppose -10*z + 177 = a. Calculate the greatest common factor of z and 154.
14
Let p(h) = 5*h**2 - 12*h + 4. Let z be p(-6). What is the greatest common divisor of z and 160?
32
Suppose 54*p + 32 = 55*p. Calculate the highest common divisor of p and 736.
32
Let v(a) = -7*a + 5. Let c be v(-9). Let y = -26 + c. Suppose x + 9 = -5*p, -7 = -x + 2*p + 5. Calculate the greatest common divisor of x and y.
6
Let g(s) = -20*s - 32. Let o be g(-5). Suppose -399 = -o*l + 61*l. Calculate the greatest common divisor of 171 and l.
57
Let l be (-142)/(-5) + ((-152)/20)/19. What is the greatest common divisor of l and 812?
28
Suppose r = j + 38 + 21, -2*j - 58 = -r. What is the highest common divisor of r and 10?
10
Suppose 0 = -4*p + 3 + 5. Let f = 12 - 9. Let s = f + 17. Calculate the highest common factor of p and s.
2
Let n(t) = 4*t - 10. Suppose j = 12 - 4. Let d be n(j). Let a = d - 15. Calculate the greatest common divisor of a and 1.
1
Let z(k) = k - 2. Let n be z(10). Let a be (n/(-12))/((-2)/27). Let l be 7/(21/a) + 3. What is the highest common divisor of l and 4?
2
Let z be ((-42)/(-21))/(3*2/1092). What is the greatest common factor of 52 and z?
52
Let d(q) = 2*q**3 - 17*q**2 - 3*q + 10. Let n be d(9). Let z(s) = s**3 + 6*s**2 + 7*s. Let t be z(-4). Calculate the